868795?
False
Does 74 divide 4387460?
True
Does 4173 divide 844769601?
True
Does 846 divide 237402968?
False
Is 486765029 a multiple of 281?
False
Does 7 divide 17917510?
False
Does 8 divide 273562136?
True
Is 2768128 a multiple of 128?
True
Is 26 a factor of 1083464018?
True
Does 5028 divide 650024508?
False
Does 47 divide 160760586?
True
Does 13 divide 642746559?
True
Does 1033 divide 28724631?
True
Is 32 a factor of 23879008?
True
Is 249 a factor of 230283168?
True
Is 19 a factor of 309389796?
False
Is 80 a factor of 681957367?
False
Is 9 a factor of 2894173?
False
Is 3808833007 a multiple of 81?
False
Is 10424407 a multiple of 5?
False
Is 5363 a factor of 51919203?
True
Does 458 divide 38199656?
False
Does 167 divide 609196795?
True
Is 4692 a factor of 1673871000?
True
Is 258 a factor of 23367834?
True
Is 25 a factor of 145089479?
False
Is 55691844 a multiple of 3?
True
Is 787 a factor of 112001905?
True
Is 38123713 a multiple of 349?
True
Is 18 a factor of 1672465662?
True
Is 2 a factor of 3721497?
False
Is 6440154890 a multiple of 159?
False
Does 31 divide 3766549?
False
Does 237 divide 495801750?
False
Is 229 a factor of 2143491296?
True
Is 3718956709 a multiple of 2392?
False
Is 158819149 a multiple of 529?
False
Is 646811984 a multiple of 14?
True
Is 354 a factor of 1328108?
False
Is 57 a factor of 63454737?
True
Is 124404555 a multiple of 935?
True
Is 19 a factor of 2664297?
False
Does 18 divide 4918356?
True
Is 8302669 a multiple of 10?
False
Is 94253600 a multiple of 14?
True
Is 16749952 a multiple of 19?
False
Is 219 a factor of 73149018?
False
Is 2 a factor of 6651223?
False
Does 115 divide 485645?
True
Is 290 a factor of 255795616?
False
Does 1360 divide 19366986?
False
Is 401824692 a multiple of 7?
False
Does 156 divide 31899504?
True
Is 755 a factor of 62766925?
True
Is 119 a factor of 5658978360?
True
Is 12643415 a multiple of 53?
True
Does 42 divide 225007104?
True
Is 14401162 a multiple of 203?
False
Is 232 a factor of 7456979?
False
Is 12 a factor of 3526007604?
True
Is 165 a factor of 161982590?
False
Is 22 a factor of 273278324?
True
Is 12 a factor of 64113516?
True
Is 2506886292 a multiple of 1310?
False
Does 58 divide 14195210?
True
Is 38869269 a multiple of 62?
False
Is 10333440 a multiple of 184?
True
Is 33 a factor of 10213264?
False
Is 30557194 a multiple of 2635?
False
Is 39720557 a multiple of 39?
False
Is 35239989 a multiple of 316?
False
Does 147 divide 757617061?
False
Does 1105 divide 323356946?
False
Does 9 divide 9800693?
False
Is 9 a factor of 128629726?
False
Is 38359640 a multiple of 3?
False
Is 1123377300 a multiple of 4897?
False
Is 86272320 a multiple of 80?
True
Is 1229666442 a multiple of 158?
True
Does 30 divide 243758657?
False
Is 146599440 a multiple of 1140?
True
Does 4 divide 627685899?
False
Does 429 divide 28606149?
True
Is 12990186 a multiple of 627?
True
Is 32 a factor of 25326574?
False
Does 1702 divide 129797924?
True
Is 6 a factor of 16331694?
True
Is 163261034 a multiple of 58?
False
Does 105 divide 191313395?
False
Is 25 a factor of 342890043?
False
Does 14 divide 1416953720?
True
Is 26347038 a multiple of 543?
False
Does 378 divide 313648842?
False
Is 10 a factor of 24843090?
True
Is 266218 a multiple of 3?
False
Does 14 divide 39779054?
True
Is 195965079 a multiple of 8?
False
Is 2158646469 a multiple of 8461?
True
Is 12 a factor of 56620210?
False
Does 1914 divide 1265289894?
True
Is 2 a factor of 63918654?
True
Does 98 divide 14411978?
True
Is 445564807 a multiple of 1088?
False
Is 3212675420 a multiple of 1748?
True
Is 1219 a factor of 138624975?
False
Does 755 divide 163690039?
False
Is 15 a factor of 30268678?
False
Is 397 a factor of 180318591?
True
Is 8148100 a multiple of 433?
False
Does 449 divide 1059807028?
True
Does 72 divide 4057238883?
False
Does 57 divide 717005392?
False
Does 179 divide 802288382?
True
Is 17285004 a multiple of 181?
False
Is 17 a factor of 132626306?
False
Does 227 divide 2007575?
False
Is 500730607 a multiple of 11?
False
Does 13 divide 9167741?
False
Is 707603148 a multiple of 1939?
True
Is 2660 a factor of 2409453807?
False
Is 1028589360 a multiple of 536?
True
Is 227384679 a multiple of 87?
True
Is 1654212680 a multiple of 2120?
True
Is 12412737 a multiple of 388?
False
Is 2 a factor of 3443026?
True
Does 154 divide 35380340?
False
Is 5086703 a multiple of 2507?
True
Is 7104 a factor of 183560013?
False
Is 16643028 a multiple of 1137?
False
Is 45551264 a multiple of 11?
True
Does 65 divide 4635540?
True
Is 426 a factor of 80856078?
True
Is 90958388 a multiple of 106?
True
Does 3759 divide 96650240?
False
Does 419 divide 15451112?
False
Does 18 divide 2526093741?
False
Is 25403084 a multiple of 244?
True
Is 54 a factor of 1593115398?
True
Does 477 divide 106420131?
True
Does 20 divide 470344240?
True
Is 85794958 a multiple of 12?
False
Is 174 a factor of 160982190?
True
Is 208091190 a multiple of 2149?
False
Is 118425924 a multiple of 3378?
True
Does 2068 divide 742780364?
False
Is 8429932 a multiple of 55?
False
Is 46 a factor of 10872790?
True
Is 1257 a factor of 5635842462?
True
Is 950 a factor of 66682400?
True
Does 739 divide 87977950?
True
Does 1026 divide 18372582?
True
Is 348021510 a multiple of 47?
False
Does 444 divide 4987452?
True
Is 1424 a factor of 586128018?
False
Does 1002 divide 1245843714?
True
Does 470 divide 507882562?
False
Does 176 divide 1121255872?
True
Does 27 divide 37175166?
True
Is 32324928 a multiple of 32?
True
Does 2244 divide 138289255?
False
Is 252322109 a multiple of 221?
True
Is 10 a factor of 39973200?
True
Is 131177803 a multiple of 14?
False
Is 27 a factor of 7270452?
True
Is 2703 a factor of 254290131?
True
Does 164 divide 11261716?
True
Is 7 a factor of 114293060?
True
Is 191 a factor of 18026459?
False
Is 73168042 a multiple of 8?
False
Is 29749566 a multiple of 7?
True
Does 2821 divide 822992898?
True
Is 99 a factor of 380025063?
True
Is 483817656 a multiple of 922?
True
Does 8 divide 280061544?
True
Does 10 divide 84425500?
True
Is 47 a factor of 3389004?
False
Does 118 divide 1315992867?
False
Does 5 divide 21673745?
True
Is 4236921 a multiple of 6?
False
Is 38 a factor of 9022948?
True
Is 388804207 a multiple of 274?
False
Is 2 a factor of 1506918?
True
Does 13 divide 36892445?
False
Is 11 a factor of 7659410?
True
Is 72 a factor of 500421168?
True
Is 55117734 a multiple of 14?
True
Does 28 divide 2092491227?
False
Does 4093 divide 198678313?
True
Is 1658325 a multiple of 504?
False
Is 572787879 a multiple of 574?
False
Does 1562 divide 2337251946?
False
Does 10 divide 1694907656?
False
Is 3 a factor of 1829746136?
False
Does 97 divide 2107772461?
True
Is 53 a factor of 51166956?
False
Is 4810312 a multiple of 92?
True
Is 9 a factor of 149255384?
False
Is 76 a factor of 21768072?
True
Is 957962 a multiple of 62?
True
Is 4117672447 a multiple of 61?
True
Is 9729096 a multiple of 156?
True
Is 10 a factor of 578617470?
True
Is 1380 a factor of 28445091?
False
Is 42708316 a multiple of 634?
False
Is 352 a factor of 989961414?
False
Does 379 divide 25336150?
True
Is 489 a factor of 42662650?
False
Is 712 a factor of 216432570?
False
Is 69960848 a multiple of 15?
False
Is 29180820 a multiple of 905?
True
Is 5 a factor of 7265952?
False
Does 4568 divide 145605000?
True
Does 830 divide 30205832?
False
Is 4 a factor of 1593536?
True
Is 96633440 a multiple of 68?
True
Is 1525950 a multiple of 71?
False
Is 62743690 a multiple of 961?
True
Is 7487920 a multiple of 670?
True
Does 18 divide 69737614?
False
Is 928121838 a multiple of 1813?
True
Does 17 divide 44708997?
True
Is 8 a factor of 16869852?
False
Is 250462707 a multiple of 3?
True
Is 769115534 a multiple of 43?
False
Does 13 divide 94742781?
False
Does 75 divide 1476300?
True
Is 2830499822 a multiple of 1790?
False
Is 4635 a factor of 1085961960?
True
Does 654 divide 20035497?
False
Is 5 a factor of 134135850?
True
Does 3 divide 12920532?
True
Is 98329789 a multiple of 13?
False
Does 18 divide 1957050?
True
Is 832288310 a multiple of 2573?
True
Is 19 a factor of 12477238?
False
Does 110 divide 243278530?
True
Is 375818793 a multiple of 15?
False
Does 255 divide 499811330?
False
Is 3693600 a multiple of 3?
True
Does 100 divide 19383500?
True
Is 18 a facto